rime factors of 2667272.
2, 59, 5651
List the prime factors of 431872.
2, 7, 241
What are the prime factors of 5639948?
2, 149, 9463
What are the prime factors of 36074?
2, 17, 1061
What are the prime factors of 307837?
43, 7159
List the prime factors of 2166027.
3, 181, 3989
What are the prime factors of 1056730?
2, 5, 105673
List the prime factors of 2278827.
3, 84401
List the prime factors of 167289.
3, 55763
List the prime factors of 1858340.
2, 5, 11, 8447
What are the prime factors of 57440?
2, 5, 359
List the prime factors of 1159792.
2, 173, 419
List the prime factors of 59447.
59447
What are the prime factors of 655263?
3, 7, 3467
What are the prime factors of 4612103?
4612103
List the prime factors of 11993766.
2, 3, 1998961
List the prime factors of 120509.
37, 3257
List the prime factors of 1015555.
5, 101, 2011
What are the prime factors of 11540055?
3, 5, 359, 2143
What are the prime factors of 125304?
2, 3, 23, 227
List the prime factors of 246228.
2, 3, 17, 71
What are the prime factors of 863279?
863279
List the prime factors of 20129550.
2, 3, 5, 7, 19, 1009
What are the prime factors of 292099?
43, 6793
List the prime factors of 3030837.
3, 317, 3187
List the prime factors of 88207.
7, 12601
What are the prime factors of 17295155?
5, 251, 13781
List the prime factors of 52937.
52937
What are the prime factors of 168974?
2, 13, 67, 97
List the prime factors of 161415.
3, 5, 17, 211
What are the prime factors of 1664789?
7, 103, 2309
List the prime factors of 71431.
61, 1171
What are the prime factors of 77895?
3, 5, 577
List the prime factors of 11650847.
13, 41, 21859
What are the prime factors of 3902983?
7, 233, 2393
List the prime factors of 97700.
2, 5, 977
What are the prime factors of 5894836?
2, 31, 137, 347
List the prime factors of 998372.
2, 249593
List the prime factors of 202783.
7, 59, 491
List the prime factors of 11225049.
3, 11, 17, 107
What are the prime factors of 100157?
47, 2131
What are the prime factors of 156538?
2, 23, 41, 83
List the prime factors of 108987.
3, 17, 2137
List the prime factors of 331194.
2, 3, 17, 191
What are the prime factors of 643964?
2, 199, 809
What are the prime factors of 264470?
2, 5, 53, 499
What are the prime factors of 198824?
2, 29, 857
What are the prime factors of 5797819?
43, 109, 1237
What are the prime factors of 17087656?
2, 2135957
What are the prime factors of 91934?
2, 43, 1069
What are the prime factors of 11176163?
53, 433, 487
List the prime factors of 5391132.
2, 3, 449261
What are the prime factors of 4160716?
2, 7, 17, 8741
List the prime factors of 8201675.
5, 328067
What are the prime factors of 5145083?
5145083
What are the prime factors of 1112382?
2, 3, 29, 2131
What are the prime factors of 15991?
15991
What are the prime factors of 23618063?
7, 31, 127, 857
What are the prime factors of 286742?
2, 311, 461
List the prime factors of 626031.
3, 7, 19, 523
List the prime factors of 10705684.
2, 11, 243311
List the prime factors of 28072179.
3, 3119131
What are the prime factors of 291094?
2, 145547
What are the prime factors of 7717311?
3, 7, 122497
What are the prime factors of 248491?
191, 1301
What are the prime factors of 8423399?
43, 195893
List the prime factors of 2117623.
2117623
What are the prime factors of 1001032?
2, 157, 797
List the prime factors of 3166545.
3, 5, 379, 557
List the prime factors of 2704054.
2, 17, 79531
List the prime factors of 13398919.
13398919
List the prime factors of 8345336.
2, 1043167
List the prime factors of 795492.
2, 3, 19, 1163
List the prime factors of 65820.
2, 3, 5, 1097
What are the prime factors of 2950203?
3, 331, 2971
List the prime factors of 1040950.
2, 5, 109, 191
What are the prime factors of 8851750?
2, 5, 35407
List the prime factors of 14167500.
2, 3, 5, 1889
What are the prime factors of 28877?
67, 431
What are the prime factors of 146285?
5, 17, 1721
What are the prime factors of 349532?
2, 87383
What are the prime factors of 358159?
358159
What are the prime factors of 20241236?
2, 67, 75527
List the prime factors of 379479.
3, 126493
List the prime factors of 12101274.
2, 3, 672293
List the prime factors of 4894.
2, 2447
What are the prime factors of 6893056?
2, 13463
What are the prime factors of 238525?
5, 7, 29, 47
What are the prime factors of 485397?
3, 11, 4903
What are the prime factors of 2182609?
11, 13, 15263
What are the prime factors of 224193?
3, 74731
What are the prime factors of 3229775?
5, 23, 41, 137
What are the prime factors of 316376?
2, 71, 557
List the prime factors of 239662.
2, 119831
List the prime factors of 803443.
803443
List the prime factors of 11287771.
11, 73, 14057
List the prime factors of 7724672.
2, 29, 2081
What are the prime factors of 80280?
2, 3, 5, 223
What are the prime factors of 2374269?
3, 41, 97, 199
What are the prime factors of 851199?
3, 167, 1699
List the prime factors of 1275637.
11, 89, 1303
What are the prime factors of 28439341?
7, 179, 22697
What are the prime factors of 3447491?
29, 53, 2243
List the prime factors of 2098968.
2, 3, 19, 4603
What are the prime factors of 430634?
2, 215317
List the prime factors of 708923.
708923
What are the prime factors of 2092838?
2, 11, 251, 379
What are the prime factors of 2093266?
2, 7, 149519
What are the prime factors of 1114394?
2, 557197
List the prime factors of 115329.
3, 37, 1039
What are the prime factors of 496160?
2, 5, 7, 443
List the prime factors of 1009566.
2, 3, 56087
What are the prime factors of 327512?
2, 40939
What are the prime factors of 28146014?
2, 13, 449, 2411
What are the prime factors of 95089?
95089
What are the prime factors of 1221939?
3, 167, 271
List the prime factors of 21628587.
3, 61, 118189
List the prime factors of 15613912.
2, 1951739
What are the prime factors of 694784?
2, 23, 59
What are the prime factors of 431664?
2, 3, 17, 23
What are the prime factors of 11006273?
59, 101, 1847
List the prime factors of 1391671.
17, 71, 1153
What are the prime factors of 397257?
3, 7, 18917
List the prime factors of 640797.
3, 213599
What are the prime factors of 2947679?
7, 19, 37, 599
What are the prime factors of 511527?
3, 170509
What are the prime factors of 16760514?
2, 3, 23, 121453
List the prime factors of 3943658.
2, 1971829
What are the prime factors of 962212?
2, 293, 821
List the prime factors of 17293414.
2, 8646707
List the prime factors of 597148.
2, 149287
What are the prime factors of 295754?
2, 19, 43, 181
List the prime factors of 4876593.
3, 379, 4289
List the prime factors of 2744308.
2, 7, 98011
List the prime factors of 936169.
13, 23, 31, 101
What are the prime factors of 614911?
11, 55901
What are the prime factors of 485883?
3, 53987
List the prime factors of 10229918.
2, 5114959
List the prime factors of 5366745.
3, 5, 239, 499
List the prime factors of 675213.
3, 7, 11, 37, 79
List the prime factors of 2164460.
2, 5, 108223
List the prime factors of 158825.
5, 6353
What are the prime factors of 1417069?
17, 83357
List the prime factors of 14134399.
14134399
List the prime factors of 1539773.
1539773
What are the prime factors of 165363?
3, 11, 5011
List the prime factors of 2082480.
2, 3, 5, 8677
What are the prime factors of 6842718?
2, 3, 42239
List the prime factors of 1991737.
11, 17, 10651
List the prime factors of 3652860.
2, 3, 5, 23, 2647
List the prime factors of 13029795.
3, 5, 96517
List the prime factors of 47038.
2, 29, 811
What are the prime factors of 273457?
273457
What are the prime factors of 8401?
31, 271
What are the prime factors of 1018583?
1018583
What are the prime factors of 6602252?
2, 1650563
What are the prime factors of 3646431?
3, 29, 4657
What are the prime factors of 155625?
3, 5, 83
What are the prime factors of 21853915?
5, 31, 277, 509
List the prime factors of 1022204.
2, 255551
What are the prime factors of 1113404?
2, 37, 7523
List the prime factors of 4312400.
2, 5, 10781
What are the prime factors of 1692100?
2, 5, 16921
What are the prime factors of 26606346?
2, 3, 13, 19, 1381
What are the prime factors of 874406?
2, 13, 199
What are the prime factors of 2148161?
1009, 2129
What are the prime factors of 254818?
2, 43, 2963
What are the prime factors of 1758625?
5, 11, 1279
What are the prime fac